+ 1, i = -5*l + 3*j. List the prime factors of l/(-2)*(-4)/(-1).
2, 3
Let b = 5 - 8. What are the prime factors of (84/9)/((-2)/b)?
2, 7
Let h(l) = -l + 8. Let r be 8/3*(7 - 4). Let b be h(r). Suppose b = -5*d + 4*d + 7. List the prime factors of d.
7
Suppose -81 = -5*b + 79. List the prime factors of b.
2
Suppose -3*i - 1 + 7 = 0. Suppose -9 = -5*z + i*z. Suppose -2*u = z*u - 55. List the prime factors of u.
11
Let l(a) = -2*a - 3. Let y be l(-6). Suppose -y*v = -7*v - 38. What are the prime factors of v?
19
Let x = -4 + 4. Let a = x + 0. Suppose -h - 4 = -1, a = -4*l + 2*h + 54. What are the prime factors of l?
2, 3
What are the prime factors of ((-4)/10*1)/(11/(-4180))?
2, 19
Suppose 202 = 4*f - 2*f. What are the prime factors of f?
101
Let s(v) = 2*v**3 - 4*v**2 + 6*v - 1. What are the prime factors of s(3)?
5, 7
Let l be 45/12 + 1/4. Suppose -18 = -l*i + 54. What are the prime factors of i?
2, 3
Let s(y) = -10*y + 2. What are the prime factors of s(-5)?
2, 13
Suppose 0 = -4*g - o + 1444, 0*g + 1806 = 5*g + o. What are the prime factors of g?
2, 181
Let m be -3*(-3 + 11/3). What are the prime factors of -1 + 5 + (-4 - m)?
2
Suppose -5*h + 4*c = c - 1, 3 = c. Suppose -h*w + 9 = -7. Let o = w + 0. What are the prime factors of o?
2
Suppose -4*x = -c - 641, 3*x = -x + 5*c + 645. What are the prime factors of x?
2, 5
List the prime factors of (-4*40)/(-1) + 1.
7, 23
Suppose -4*t = 5*b, 19 = -3*b + t + 2. Let u be (-4)/(-6) + (-56)/12. List the prime factors of b/(-8) - 26/u.
7
Suppose t + 17 - 62 = 0. Suppose 3*q - 24 = t. What are the prime factors of q?
23
Suppose 0 = 2*h - 4*k - 68, h + 115 = 6*h + k. Suppose -h = -2*r + 4*m, -11 + 37 = 2*r - 5*m. What are the prime factors of r?
2
Let l(z) = 3*z**2 + 8*z + 11*z - 20*z + 1. What are the prime factors of l(2)?
11
Suppose 0 = k + 2*k - 69. List the prime factors of k.
23
Let x = 67 - 22. What are the prime factors of x?
3, 5
Suppose 4*t - 2*n = n + 102, 3*t - 2*n = 77. What are the prime factors of t?
3
Let u = 175 - 120. Suppose -3*n + 0*b + 24 = -5*b, -4*n + u = b. List the prime factors of n.
13
Let u = 146 - 52. What are the prime factors of u?
2, 47
Suppose 0 = y - 0*y. Let p(a) = 4 + 3 + 6 - a - 2. List the prime factors of p(y).
11
Let n(m) be the second derivative of m**5/20 + m**4/8 + m**3/2 + 3*m**2/2 - 2*m. Let k(d) be the first derivative of n(d). List the prime factors of k(-3).
3, 7
Suppose c - 4 = -0*c, 0 = 4*w - c + 92. Let m = -15 - w. What are the prime factors of m?
7
Let j(o) = 7*o + 1. Let p(t) = -t**2 - 5*t - 4. Let z be p(-3). What are the prime factors of j(z)?
3, 5
Let v(w) = w**2 - 2*w + 132. Let k be v(0). Let g(h) = -8*h + 3. Let l be g(6). What are the prime factors of 1/(3 + k/l)?
3, 5
Suppose 5*y - 4*s - 215 = 0, -2*s + 129 = 3*y - s. Let v = y + -22. What are the prime factors of v?
3, 7
Let u be (-35)/(-11) - 14/77. Suppose -4*j + u*l + 23 = 0, j + 3*j = 4*l + 24. What are the prime factors of j?
5
Suppose 0 = -d + 5*y - 19, 2*y = 3*d - y + 45. Let t be (-7)/d + 93/2. Suppose -3*o + k + t = -4*k, -2*o = -4*k - 34. List the prime factors of o.
3
Let u(f) = -f**2 + 1. Let z be u(1). Suppose 3*k + 20 = l, -4*l + 4*k + 8 + 32 = z. What are the prime factors of l?
5
Let y be (-12)/7*70/10. Let f = y + 53. What are the prime factors of f?
41
Let i be (-4 + 4)/(2 + 0). Suppose 0*k - 4*k + 40 = i. List the prime factors of k.
2, 5
Let x(o) = -o**3 + 13*o**2 - 8*o. Let m be x(11). Suppose -4*p - 18 = -m. List the prime factors of p.
2, 17
Let x(j) be the second derivative of -j**5/20 - j**4/12 + j**3/6 + 19*j**2/2 + 4*j. What are the prime factors of x(0)?
19
Let n be -5*1 + 2 - 2. List the prime factors of 11/3 + n/(-15).
2
Let r = -17 + 19. Suppose n + b + 34 = 3*n, -r*n + 5*b = -18. List the prime factors of n.
19
Suppose -2*b + 45 = -43. What are the prime factors of b?
2, 11
Let y(v) = 4*v**2 - 18*v - 14. What are the prime factors of y(6)?
2, 11
Let m(g) = 63*g**2 - 2*g + 1. What are the prime factors of m(-1)?
2, 3, 11
Let t = -67 + 96. What are the prime factors of t?
29
Suppose 4*h + 11 + 5 = 0. Let z = -5 - h. What are the prime factors of 11/1 + z + -1?
3
Let d = 15 + -10. Suppose 0 = -d*z + 21 + 64. List the prime factors of z.
17
Suppose -27*n + 232 = -23*n. What are the prime factors of n?
2, 29
Suppose 5*b - 190 = 4*b. What are the prime factors of b?
2, 5, 19
Let n(u) = -u + 1. Let j(k) = -k + 1. Let y(t) = 3*j(t) - 2*n(t). Let w(o) = -o**2 - 2*o - 2. Let x be w(-3). What are the prime factors of y(x)?
2, 3
Suppose 3*w - 17 = 367. What are the prime factors of w?
2
Suppose -10 = -4*p - 2. Let i(u) = 3*u - 2*u**2 - 2*u**p + 5*u**2 + 6. List the prime factors of i(-4).
2, 5
Let i(h) = -h - 3. Suppose 0*u = -2*u. Let t be i(u). List the prime factors of (-9 + t)*2/(-4).
2, 3
Suppose 11 = -4*d - 53. Let q = 30 + d. List the prime factors of q.
2, 7
Suppose -2*k = n + 2*n - 14, -5*n = 4*k - 26. Suppose n*v = 2*q - 6 - 22, q - 11 = 2*v. What are the prime factors of q?
17
Let u be 3/6*(-5 - 7). Let c(j) = -j**2 - 13*j + 8. What are the prime factors of c(u)?
2, 5
List the prime factors of (-2)/13 - (-1440)/65.
2, 11
Let k be ((-2)/4)/(3/(-36)). Let a = 2 - k. Let i = a + 11. What are the prime factors of i?
7
Let q(z) = -47*z - 1. Let j be q(1). Let p = -20 - j. What are the prime factors of p?
2, 7
Suppose -4*v + v - 9 = 0. Let f = v - 2. Let y = 17 + f. List the prime factors of y.
2, 3
Let t be -8 - -8 - (-2 - 1). Suppose -t*o = 2*o - 80. List the prime factors of o.
2
Let w = 13 - 10. Suppose 0 = 3*v - 2*v + p - 54, 6 = -3*p. Suppose -v = -9*f + 4*f + r, f = w*r. List the prime factors of f.
2, 3
Let z(d) = -24*d**2 - 3*d. Let k be z(-2). What are the prime factors of (-1690)/k + (-4)/(-18)?
19
Let m = 1 - -1. What are the prime factors of (2 - -1)/(2/m)?
3
Let d(r) = -2*r - 2*r + 2 + 4*r + r**2 + 2*r. What are the prime factors of d(4)?
2, 13
Let j(w) = -7*w**2. Let c be j(1). Let s = -2 - c. Suppose g = -2*h + 10, -5*h + s*g + 39 - 14 = 0. List the prime factors of h.
5
Let f = 11 + -1. Suppose -t - f = t. What are the prime factors of 4/(-10) - 32/t?
2, 3
Suppose -c - 17 = -4*l + 16, 0 = 4*l + 3*c - 29. Suppose -x - w + l = 0, -4*w + 6 + 10 = 0. List the prime factors of x.
2
Suppose 2*o - 2*c = 3*c - 16, -c - 6 = -5*o. Suppose -4*b + 4*m + 36 = 0, 2*b = -2*b + o*m + 44. List the prime factors of b.
13
Let d be (-4)/(-10) + 2/(-5). Suppose 0 = 4*i + 3*c + 62, d = -5*c - 14 + 4. Let s = i + 27. List the prime factors of s.
13
Suppose -6*t + 47 = -5*t. List the prime factors of t.
47
Suppose -25*k = -29*k + 972. What are the prime factors of k?
3
Suppose 4*h = i - 35, -5*i + 131 = 3*h - h. List the prime factors of (-8)/(-6)*i/6.
2, 3
Let p(x) = 7*x + 3 + x**2 + 4 + 3. List the prime factors of p(-7).
2, 5
Let z = 4 - -36. List the prime factors of z.
2, 5
What are the prime factors of 22 + (3 + (-4 - -3))*-1?
2, 5
Let h be (-2)/9 + 318/(-27). Let z be (-40)/h*(-6)/(-4). Suppose -2*l = w - 29, -w = -z*l + 58 - 3. What are the prime factors of l?
2, 3
Let c(z) = z**2 + z. Let a be c(9). Suppose 2*g + 18 = 3*g - 5*f, a = 5*g + f. List the prime factors of g.
2, 3
Let v = 12 + -6. List the prime factors of v.
2, 3
Let l(m) = m + 11. Let z be l(-8). Suppose 2*p - 105 = -z*p. What are the prime factors of p?
3, 7
Let a(o) = o - 3. Let f be a(5). Suppose b - f*c = 1, 5*b - 75 = 2*c - 6*c. Suppose -b = -4*v + 13. What are the prime factors of v?
2, 3
Suppose 3*j - 20 = -4*r, 2*r = -3*j - 2 + 12. Suppose -4*a + 72 = g, 2*g + 60 = 4*a - j*g. What are the prime factors of a?
17
Let w = 11 - 39. Let o be 344/w + 2/7. Let d = -7 - o. List the prime factors of d.
5
Let z = -16 + 43. Let x = z - 19. What are the prime factors of x?
2
Let y = -4 - -5. Let q = 3 - y. Suppose -3*n + q = -28. What are the prime factors of n?
2, 5
Let n be 9/(15/6 + -1). Let u be (9/n)/(6/56). Suppose 2*w - 8 = u. What are the prime factors of w?
11
Let p(w) = 223*w**3 + 2*w**2 - w. What are the prime factors of p(1)?
2, 7
Suppose 4*c + 181 = -79. Let y = -29 - c. List the prime factors of y.
2, 3
What are the prime factors of 24/15*(5 - 0)?
2
Suppose k + 10 = 6*k. Let d(o) = o**k + 0*o + 2*o - 2 - 6*o. What are the prime factors of d(5)?
3
Let d(n) = -n**2 + 4*n + 2. Let m be d(4). L